) + (1410 - 1481).
-60
What is the value of -104 + 4 + (-104 - -126)?
-78
(-73 - (35 - (80 + -35))) + (22 - 3)
-44
What is (32 - 2) + (-120 - 13 - -13)?
-90
What is the value of 18 + -2 - (-40 - -124 - 33)?
-35
What is 151 + (90 - 131) + -132?
-22
What is the value of (24 - -4) + -25 + -35 + -1 + -5?
-38
Evaluate -10 - (-10 + -14 - -13) - 16.
-15
Calculate (-18 - (-75 - -78)) + 28 + -7.
0
Calculate (14 - -9) + (-19 - -29).
33
Calculate -122 + 52 + 25 + -20.
-65
-48 - (90 - 44 - 80)
-14
What is -21 - (25 + -4 - (63 - 33) - 104)?
92
Calculate (0 + -87 - (52 - (24 - -39))) + 9.
-67
What is the value of -74 + (51 - 29) + 25?
-27
(-9 - -2) + 2 + 31 + (-19 - -29) + -2
34
Evaluate -50 + (-32 - -30) + (2 + -2 - -9).
-43
Calculate 114 - (-1 + -81 - -125).
71
(-17 - (41 + -14 - 47)) + 7 + 1
11
What is the value of -79 + (-6 - (-15 + 0 + 0 + 3)) - -10?
-63
Evaluate -2 - -122 - (-208 + 219 - 21).
130
What is 66 + (-122 - (-136 - -27))?
53
Calculate 3 + 3 + 3 + 5 + 7.
21
What is 9 - 5 - 24 - (-2 - -17)?
-35
What is the value of -33 + (-2 - (-44 - -31)) - (91 - -3)?
-116
Evaluate -93 + 151 + (9 - 43).
24
What is the value of -12 - (5 + (-4 - -3)) - -11 - (-2 - 52)?
49
Calculate -9 - (-13 - (8 - 3)) - (8 - 13).
14
Calculate 6 - 0 - ((10 - 1) + -7) - (312 - 305).
-3
What is the value of (-5 - -51) + (-16 - (1 + -6)) + 3?
38
What is 48 - (-1419 + 1451 - (-1 + 12))?
27
Evaluate (-21 + -3 - -19) + (6 - 13 - -10).
-2
Evaluate (0 + -9 - (-60 + 5)) + (-12 - (-9 + 0)).
43
Calculate (5 - (-2 + 5 + -3)) + (0 - 54 - 13).
-62
Calculate -3 + (-4 - -12) + -6 - 58.
-59
10 + -8 + -9 + 10 - (-2 - (2 - 13))
-6
Evaluate 132 + (-11 - 2) + 6 - ((-19 - 22) + 43).
123
What is the value of -18 - (6 + -45 + 41)?
-20
(-6 + 11 - 21) + (-27 - -30)
-13
What is the value of 1197 + -1175 + 23 + 4?
49
14 + 41 + -27 - 39 - -129
118
What is the value of -1 - 8 - (61 - (-16 + -24 + (-4 - -44)))?
-70
What is the value of -62 + (1 - -12) + (-15 + 11 - 30)?
-83
What is (3 - 16) + (5 - (11 - 1 - (-49 + 190)))?
123
-18 + -6 + -30 + 25 + -3
-32
Evaluate -20 - (-2 + -20 + (130 - 137)).
9
Calculate 86 + -34 + -71 - -58.
39
What is the value of -11 + 0 + 8 + -6 + (40 - 7 - 37)?
-13
What is -1 + 38 + 811 + -805?
43
What is the value of 107 + -83 + 115 + -110?
29
What is the value of (-176 - -48) + 151 + 78?
101
Evaluate -15 + (10 - -3 - -38).
36
Evaluate 11 + -19 + (-3 - -7) - -17.
13
-1 + 0 + 16 + (-28 - -6)
-7
-15 - (-32 + 38 - 21)
0
What is the value of -90 - (-109 + 76) - -9?
-48
What is the value of 6 - -47 - (0 + 18 - 36)?
71
Evaluate -8 - (-24 - (5 - 53 - -22)).
-10
1 + 58 - ((-79 - -46) + 1 + 45)
46
Calculate (-6 - (22 + -15)) + 6 + 3 + -3.
-7
Evaluate -135 + -51 + 80 + 62.
-44
Calculate (-2 + 2 - -65) + (16 - 33) + 60 + -37.
71
Calculate (-103 - (-153 + -1)) + -96.
-45
What is 117 + -8 - (10 - (4 - -4 - 10))?
97
Evaluate (-4 - (-2 + 3)) + (20 - -53) + -11.
57
What is 60 + -125 + 39 + -43?
-69
What is 2 + 9 - ((38 + -18 - -36) + -26)?
-19
What is 2 + (-2 - -20) + (51 - 128 - -98)?
41
Calculate (-96 - (47 - 144) - (-80 - (-1 - -2))) + -14.
68
What is 20 - (-20 - -11 - 8)?
37
Evaluate -95 + (18 - 22) + 53.
-46
What is the value of 135 - 9 - (572 + -447)?
1
What is -2 + (-3 - -7) - (-100 + (67 - 24))?
59
Evaluate 27 + -22 + 14 + -34.
-15
What is the value of (-63 - -52) + 31 - (-27 + 10)?
37
Evaluate (1 - 60) + -17 - (-1 + -4).
-71
What is the value of 3 - (-2 + 13 - ((4 - -45) + 13 + -12))?
42
What is -9 + (39 - 19 - -76) - 20?
67
Calculate (-1 - -1) + -12 + (71 + -139 + 32 - -145).
97
Calculate 55 + -52 + 8 + 17.
28
Calculate -5 + 5 - (-165 + 257 - (-2 + 12 - 1)).
-83
Evaluate -17 + (5 - 2 - (-86 - -77)) - (-13 + 1).
7
What is (22 - (-18 - -23)) + -7 - (106 + -6)?
-90
3 + (-18 - (17 + -104 + 5 + -2))
69
What is (-661 - -692) + -1 + -29 + -11?
-10
Calculate -3 - (9 - (-6 + 30 + -11) - 9).
10
What is -53 + -1 + (28 + 87 - 123)?
-62
1 + 6 - ((-43 - -25) + 4 + -1 + -3)
25
Calculate -2 - -63 - (24 + (-10 - 6) + -21 + 7).
67
753 - 655 - (189 - -19)
-110
What is (-51 + 11 - 13) + 4 + 17?
-32
Evaluate 0 + 0 - (202 - 214) - 33.
-21
Calculate (13 + -1 + -1 - 11) + 8 - 44.
-36
(47 - (38 + -108 - -52)) + (-1 - -11)
75
Calculate (-11 - ((-435 - -425) + (0 - (1 - 17)))) + -2.
-19
-8 + (11 - -13) + (-6 - 7)
3
Evaluate (67 - 32) + -14 + 0 + 17.
38
Calculate (3 + 17 - 30) + 43.
33
-9 + 1 + 1 - ((-63 - -56) + 32)
-32
Calculate 3 - (-45 + -6) - (10 + -5 + 4 - 10).
55
Evaluate -1 + 0 - (1991 - 2022).
30
What is the value of 109 - ((27 - -44) + -8)?
46
Evaluate -12 + -9 + 4 + (1 - -22).
6
Calculate 103 + -12 + 6 - (5 + -24 + -1).
117
-61 + (-8 - 3) + -384 + 416
-40
Evaluate (8 + 13 - (-31 + 55)) + 87.
84
Calculate -110 - (26 + -29 + 4 + 3 + -19 - -23).
-118
Evaluate 24 + (59 - (82 + -47)).
48
Calculate (-46 - -32) + (1 - (-5 - 1) - 8).
-15
Evaluate -422 + 338 - (6 + -13 + -23).
-54
What is the value of -1 + -14 + -176 + 173 - -9?
-9
What is the value of -41 + (-45 - (-22 + -19 - -14))?
-59
Calculate 13 + (4 - (-3 - -9)) + (29 - 77) + 125.
88
Evaluate (-13 + 25 - 3) + -8 + 56 - 9.
48
56 - (40 + (-60 - -38))
38
Evaluate (8 - 4) + -18 + 29 + (15 - (-29 + 75)).
-16
Evaluate 57 + -74 - (17 + (-7 - 4)).
-23
3 - (-1 - (-2 - (-14 - (16 + -8 + -9))))
15
-15 + (38 - -19) + -131
-89
-25 + -13 - ((17 - 59) + 22)
-18
What is the value of -28 + 68 + (32 - -2 - 46)?
28
Evaluate (-2584 - -2469) + -5 + 78.
-42
Calculate 58 - (-5 + 73) - -16.
6
Evaluate 5 + -2 + (-2 - 5 - -5) + (112 - 16).
97
(-35 - (-86 + 14)) + -53
-16
What is the value of -139 - ((-4 - 58) + (227 - 202))?
-102
Calculate 4 - 8 - -60 - (1069 + -1069).
56
Evaluate 89 + -1 + 1 - ((-227 - -452) + -214).
78
What is -14 - -1 - ((29 - 17) + -22)?
-3
What is the value of -17 + 17 + (-22 - -8) + -62 + -6?
-82
What is the value of (9 - (3 - 17)) + (-338 - -314)?
-1
What is 0 + -49 + (15 - 37) + 41 + -27?
-57
What is 83 - (80 - -6 - 98)?
95
What is the value of 9 + 10 + (0 - -3 - -13 - 7)?
28
What is the value of 40 - ((-1 - -64) + -297 + 259)?
15
Calculate -62 + (-64 + 30 - 7).
-103
What is -2 + 15 + 34 + 38?
85
What is 140 + -13 + -14 - (16 - (-17 + 48))?
128
What is the value of -1 + 9 - ((200 - 87) + -114)?
9
Calculate 162 + -176 - (0 + -12 - -2) - (-65 + 5).
56
4 + 116 - (-55 + 51 + 39)
85
302 + -372 + (-1 - -13)
-58
Evaluate 74 - (27 + -41 + 11).
77
Calculate (9 - (18 + -10) - 13) + 16.
4
3 + (6 + -8 - 9 - -4 - 41)
-45
What is (-24 - (1 + -3)) + (-13369 - -13363)?
-28
What is the value of (-27 - -20) + 9 + 1 + (1 - (-3 - -1))?
6
What is -28 - (-26 - (-94 + 26))?
-70
What is (-3 - (-18 + -6 + 21)) + -21?
-21
What is the value of (-2 - 46) + (13 - (-30 + 21 - -17) - -3)?
-40
What is the value of 25 - 20 - -3 - (3 - -2) - -3 - -9?
15
Evaluate (-1 - -8) + (-66 - (-27 - -14)).
-46
Calculate -8 + 79 + (-13 - 19) + -9.
30
(36 - -3 - (-282 - -281)) + 84
124
Evaluate 22 + 10 - (208 + -221).
45
Calculate -37 + 5 + -23 + 13 + -5.
-47
What is (119 - (-89 + 201)) + 1 + -1 + -7?
0
Calculate -7 + (-51 + 28 - -35).
5
Calculate (-44 - 24) + 35 + -16.
-49
91 - ((55 - 38) + 24)
50
Calculate (36 - (116 - 47)) + 90.
57
Calculate 33 - (15 + (-25 - -14)) - -5.
34
What is -50 + (4 - -26) - -28 - -6?
14
What is (3 + -27 - -9) + (4 + -2 - 15)?
-28
Calculate 37 + -14 + (12 - 16) + -4.
15
What is the value of -146 - -152 - (24 + -4)?
-14
Evaluate (2 - -14 - 21) + 12 + 58.
65
-11 - ((52 - 41 - (1 - -10)) + 17)
-28
Evaluate 18 + (-4 - 2 - -7) + 5 + 1.
25
Calculate -75 + (62 - -112) + -79.
20
Evaluate 25 + -28 - -57 - 74.
-20
Calculate -26 - (39 + -47) - 2.
-20
What is -128 + 91 + -13 + -11 - (-13 - 1)?
-47
(-44 + 55 - -44) + -89
-34
What is the value of (-15 + 29 - (157 + -111)) + 1?
-31
What is -6 - ((-8 - (21 - 16)) + 9) - (0 - -8)?
-10
Evaluate -19 - (34 + 16 + -41).
-28
(6 - (15 - -2)) + -8 + 43
24
What is the value of (101 - -31) + -125 - (1 - 17)?
23
Evaluate (-52 + 84 - -88) + 15.
135
What is 3090 + -2992 + (-55 - 1)?
42
Calculate 21 - (8 + 32 - (-47 + -52)).
-118
115 + -143 - (1 - 0 - -18)
-47
24 + 1 + (179 - 31 - 167)
6
Calculate (10 - (9 - -1) - 9) + -42 + 1.
-50
Evaluate -3 + 72 + (5 - (9 + (-13 - -11) + -1)).
68
What is the value of -6 + -2 + (-6 - -7) - -56 - (-59 + 52)?
56
Evaluate 31 - 1 - (27 - (147 - 113)).
37
Calculate -60 - (-71 + 113) - -93.
-9
What is (2 - 113) + (1169 - 11